1610001 prime?
True
Is 1599522997 composite?
False
Is 30906374129 prime?
True
Is 14219096791 a composite number?
True
Is 3716322611 prime?
True
Is 581935609 a prime number?
True
Is 97796471549 a composite number?
True
Is 21517876759 a composite number?
True
Is 19392422233 a composite number?
True
Is 515766593 prime?
False
Is 33880342687 a prime number?
True
Is 18973684871 a prime number?
True
Is 11939160349 a composite number?
False
Is 262283953 prime?
True
Is 5227432459 a prime number?
False
Is 3628722197 prime?
False
Is 4053289769 composite?
False
Is 1400679857 a composite number?
False
Is 5152964903 composite?
False
Is 20262757771 prime?
False
Is 646461163 a prime number?
False
Is 79890892349 composite?
True
Is 418800209 composite?
True
Is 15146161 prime?
True
Is 284075651 prime?
True
Is 432448537 a composite number?
True
Is 8660186107 composite?
False
Is 860100883 prime?
True
Is 5025182327 a composite number?
True
Is 97630462067 composite?
True
Is 9868205443 a composite number?
True
Is 98643331 composite?
False
Is 618215177 a composite number?
False
Is 760019903 prime?
False
Is 58894951 prime?
False
Is 875212081 prime?
False
Is 22313848951 prime?
True
Is 1713234463 a composite number?
True
Is 7933230167 a prime number?
True
Is 9106152413 prime?
False
Is 6254511682 composite?
True
Is 1603576757 a prime number?
False
Is 121919727311 a prime number?
False
Is 18893982191 composite?
True
Is 128888629 composite?
True
Is 62618244943 composite?
False
Is 40390917971 composite?
True
Is 508212599 a prime number?
True
Is 29787164263 a prime number?
True
Is 11156034383 composite?
True
Is 1652857273 composite?
True
Is 476537269 a composite number?
True
Is 317266541197 a prime number?
True
Is 49280459 prime?
True
Is 6751043137 a composite number?
False
Is 20203388911 a prime number?
True
Is 14535628433 composite?
False
Is 12398736773 prime?
False
Is 12045186779 composite?
True
Is 105072899 a prime number?
False
Is 3225909521 prime?
True
Is 122724930787 a composite number?
False
Is 350515751 a prime number?
False
Is 371683121 a composite number?
True
Is 130212919 prime?
True
Is 1216977187 composite?
False
Is 3206793937 composite?
True
Is 3418351271 prime?
False
Is 9161224051 a composite number?
True
Is 5336467781 prime?
False
Is 225716743 prime?
False
Is 509981509 prime?
False
Is 350129128301 a prime number?
True
Is 133864824649 a prime number?
True
Is 28749713 a prime number?
True
Is 1846263421 prime?
False
Is 60622734059 composite?
True
Is 4157035081 a prime number?
True
Is 9413986879 a composite number?
True
Is 3761603117 prime?
True
Is 16928777911 prime?
True
Is 315135492253 a composite number?
False
Is 975030883 prime?
True
Is 7418426163 composite?
True
Is 8925078763 prime?
False
Is 4539531187 a prime number?
False
Is 1392534007 prime?
True
Is 4425320827 composite?
False
Is 2891265737 a prime number?
False
Is 5276116049 a composite number?
True
Is 15267199897 prime?
True
Is 63925944389 a prime number?
True
Is 6840345221 a composite number?
False
Is 423469481 a composite number?
False
Is 3298568003 a prime number?
True
Is 2246464853 a composite number?
False
Is 2599419217 composite?
False
Is 244750074098 composite?
True
Is 76960401253 a prime number?
True
Is 12622969 a composite number?
True
Is 7216508371 a composite number?
False
Is 70062359 composite?
False
Is 1051875971 a composite number?
False
Is 458471984093 composite?
False
Is 817273915 a composite number?
True
Is 3708948251 prime?
False
Is 38637302749 composite?
False
Is 1258320463 composite?
True
Is 524539073 prime?
True
Is 259677409 composite?
True
Is 264141565 a composite number?
True
Is 1184967989 a prime number?
False
Is 6470761961 prime?
False
Is 33998358227 a prime number?
True
Is 4017533129 a composite number?
True
Is 14980005931 composite?
True
Is 44970097 a composite number?
True
Is 31547187307 composite?
False
Is 512946221287 composite?
False
Is 114313816835 a composite number?
True
Is 13415489333 a prime number?
False
Is 1863840905 a prime number?
False
Is 1348073239 a composite number?
True
Is 4555975751 a composite number?
True
Is 66452791 composite?
False
Is 2341818769 a composite number?
True
Is 63481236479 prime?
True
Is 724344259 composite?
True
Is 6354147263 a prime number?
False
Is 2175917501 a prime number?
True
Is 1662372011 a prime number?
False
Is 539153987 prime?
True
Is 30001800443 a prime number?
True
Is 32703581 prime?
True
Is 20681107 a prime number?
True
Is 904928779 prime?
True
Is 153444803 a prime number?
True
Is 215871133 a prime number?
False
Is 39287350579 prime?
True
Is 2584037405 composite?
True
Is 96939453133 a prime number?
True
Is 5073286457 prime?
False
Is 65477707541 prime?
True
Is 20603296111 a prime number?
True
Is 83781660629 composite?
False
Is 57076871727 a prime number?
False
Is 522965189 composite?
False
Is 9413522751 a composite number?
True
Is 8334878093 composite?
True
Is 850570213 a prime number?
True
Is 346215621 a composite number?
True
Is 965584429 composite?
True
Is 5293847453 composite?
False
Is 35192735303 composite?
True
Is 1337714335 prime?
False
Is 85789281283 a prime number?
True
Is 42363254489 a prime number?
True
Is 16946943355 a composite number?
True
Is 412938882779 composite?
False
Is 4036613513 prime?
False
Is 628972393 a prime number?
False
Is 107552861551 composite?
True
Is 6629925929 composite?
True
Is 21586796453 a composite number?
True
Is 5948889413 a composite number?
True
Is 7202118757 a prime number?
True
Is 3227324579 prime?
True
Is 12159639359 prime?
False
Is 2586987251 composite?
True
Is 13774049599 a composite number?
True
Is 22479008491 a prime number?
True
Is 66825329 a composite number?
False
Is 2208873389 prime?
True
Is 347636297 prime?
True
Is 2087795834 composite?
True
Is 407699837 a prime number?
True
Is 490160267 a prime number?
True
Is 2832534623 prime?
True
Is 5703928513 a prime number?
False
Is 1110775637 prime?
False
Is 8706875083 prime?
True
Is 108111498707 prime?
True
Is 39027971579 composite?
False
Is 10831755443 a prime number?
True
Is 11008730771 a composite number?
False
Is 1053137321 prime?
True
Is 2899930717 composite?
True
Is 832097697 composite?
True
Is 1098581249 a prime number?
True
Is 13105299203 a prime number?
True
Is 53287047319 a composite number?
True
Is 16447957 composite?
False
Is 553775753 a composite number?
True
Is 1043677819 prime?
True
Is 14284302653 composite?
False
Is 1469276789 composite?
True
Is 76380718567 a prime number?
True
Is 6648691249 prime?
False
Is 1323144182 prime?
False
Is 1720308731 composite?
False
Is 162109481231 composite?
False
Is 948976221 a composite number?
True
Is 392928551 composite?
False
Is 5493053021 a composite number?
False
Is 18266495446 a composite number?
True
Is 2580130243 a prime number?
False
Is 8266522367 a composite number?
True
Is 294138599 a composite number?
False
Is 1617902651 a composite number?
False
Is 37896653477 composite?
True
Is 3867170351 a composite number?
True
Is 708511333 a composite number?
False
Is 274571441 a composite number?
True
Is 13031593919 composite?
False
Is 127803621422 prime?
False
Is 5546251441 prime?
False
Is 446692687 a composite number?
True
Is 200270431337 a composite number?
False
Is 139586927 a prime number?
True
Is 340801913 a composite number?
False
Is 19405252583 a prime number?
False
Is 4104008929 composite?
False
Is 1349615563 prime?
False
Is 167497958197 a composite number?
False
Is 9912637145 composite?
True
Is 1293941437 prime?
True
Is 504582733 a composite number?
False
Is 317560301 a composite number?
True
Is 5858579743 a prime number?
True
Is 13505036305 composite?
True
Is 589024739 prime?
False
Is 17549145277 a composite number?
False
Is 23762759 prime?
True
Is 3272484473 prime?
False
Is 2502477389 a composite number?
True
Is 15115753633 composite?
False
Is 192839761 a prime number?
True
Is 6328921393 prime?
True
Is 1923562541 a composite number?
False
Is 6389469049 prime?
True
Is 1414455857 composite?
False
Is 5657440313 a prime number?
False
Is 17165643497 a composite number?
True
Is 268242461 composite?
True
Is 260660249 a prime number?
True
Is 235389799 prime?
True
Is 4059971131 a composite number?
False
Is 315642203 prime?
True
Is 7288596226 composite?
True
Is 51416952947 prime?
Fal